{"id":2945,"date":"2023-09-22T15:45:11","date_gmt":"2023-09-22T13:45:11","guid":{"rendered":"https:\/\/craftor.se\/?page_id=2945"},"modified":"2024-04-22T15:39:43","modified_gmt":"2024-04-22T13:39:43","slug":"hallbarhetsmal","status":"publish","type":"page","link":"https:\/\/craftor.se\/en\/hallbarhetsmal\/","title":{"rendered":"Sustainability Goals"},"content":{"rendered":"<p class=\"has-text-align-left\">We have established long-term, overarching goals within each focus area outlined in our sustainability framework. These goals are further detailed on an annual basis with corresponding action plans.<\/p>\n\n\n\n<p class=\"has-text-align-left\"><br>Our overarching goals are:<\/p>\n\n\n\n<h4 class=\"wp-block-heading has-text-align-left\" id=\"medarbetare\">Employees<\/h4>\n\n\n\n<ul class=\"wp-block-list\">\n<li>Craftor strives to achieve the industry's best working environment with zero workplace accidents.<\/li>\n<\/ul>\n\n\n\n<p class=\"has-text-align-left\">V\u00e5ra medarbetare \u00e4r v\u00e5r viktigaste resurs och vi arbetar aktivt f\u00f6r att bibeh\u00e5lla v\u00e5r informella och entrepren\u00f6rsdrivna f\u00f6retagskultur som pr\u00e4glas av omtanke f\u00f6r varandra. F\u00f6r 2024 har vi satt ytterligare fokus p\u00e5 riskobservationer samt personalens v\u00e4lm\u00e5ende.<\/p>\n\n\n\n<h4 class=\"wp-block-heading has-text-align-left\" id=\"klimat-resurser\"><br>Climate and Resources<\/h4>\n\n\n\n<ul class=\"wp-block-list\">\n<li>Halve climate impact by 2030 and move towards net-zero emissions by 2045.<\/li>\n\n\n\n<li>Achieve 100% circular material flows by 2045.<\/li>\n<\/ul>\n\n\n\n<p class=\"has-text-align-left\">Craftor har kartlagt klimatp\u00e5verkan fr\u00e5n v\u00e5r egen verksamhet och hade som m\u00e5l att minska den med 5% under 2023, bland annat genom \u00f6kad anv\u00e4ndning av br\u00e4nslet HVO100 ist\u00e4llet f\u00f6r diesel samt \u00f6verg\u00e5ng till f\u00f6rnybar el. Vi minskade scope 1 och 2 med n\u00e4rmare 11% under 2023 j\u00e4mf\u00f6rt med 2022. F\u00f6r 2024 har vi m\u00e5lsatt en fortsatt minskning. Vi kartlade \u00e4ven klimatp\u00e5verkan i v\u00e5r v\u00e4rdekedja under 2023 f\u00f6r att fram\u00e5t kunna fokusera p\u00e5 en minskning av f\u00f6retagets klimatp\u00e5verkan b\u00e5de uppstr\u00f6ms och nedstr\u00f6ms. Under 2024 kommer vi fokusera p\u00e5 att utbilda b\u00e5de internt och externt kring vilka h\u00e5llbara alternativ som finns i v\u00e5ra projekt f\u00f6r att p\u00e5b\u00f6rja v\u00e5r f\u00f6r\u00e4ndringsresa.<\/p>\n\n\n\n<h4 class=\"wp-block-heading has-text-align-left\" id=\"etik-ansvar\"><br>Ethics and Responsibility in the Supply Chain<\/h4>\n\n\n\n<ul class=\"wp-block-list\">\n<li>Craftor acts in accordance with our ethical guidelines and contributes to a value chain where operations are conducted under healthy working conditions and in an environmentally and socially sustainable manner.<\/li>\n<\/ul>\n\n\n\n<p class=\"has-text-align-left\">Baserat p\u00e5 v\u00e5ra utf\u00f6rliga etiska principer och i dialog med v\u00e5ra leverant\u00f6rer vill vi bidra till en bransch med sunda arbetsvillkor och l\u00e4gre milj\u00f6p\u00e5verkan. . \u00a0F\u00f6r 2024 har vi ett \u00f6kat fokus p\u00e5 h\u00e5llbarhet i v\u00e5ra revisioner i leverant\u00f6rsledet.<\/p>\n\n\n\n<h4 class=\"wp-block-heading has-text-align-left\" id=\"samarbete-samhallsansvar\"><br>Collaboration and Social Responsibility<\/h4>\n\n\n\n<ul class=\"wp-block-list\">\n<li>In collaboration with our customers and suppliers, we contribute to a long-term sustainable power grid in Sweden.<\/li>\n<\/ul>\n\n\n\n<p class=\"has-text-align-left\">Vi vet att vi inte har r\u00e5dighet \u00f6ver alla delar i v\u00e5r v\u00e4rdekedja men vi \u00e4r \u00f6vertygade om att det \u00e4r genom att arbeta tillsammans som vi kan g\u00f6ra st\u00f6rst skillnad. Vi m\u00e5ste hj\u00e4lpas \u00e5t att g\u00f6ra v\u00e5rt b\u00e4sta f\u00f6r att tillsammans skapa en s\u00e5 stor samh\u00e4llsnytta som m\u00f6jligt. F\u00f6r 2024 har vi bland annat satt som m\u00e5l att vi ska, i minst ett samarbete per prioriterad kund, hitta nya arbetss\u00e4tt och metoder f\u00f6r \u00f6kad positiv milj\u00f6p\u00e5verkan och\/eller minskad klimatp\u00e5verkan.<\/p>","protected":false},"excerpt":{"rendered":"<p>Vi har l\u00e5ngsiktiga, \u00f6vergripande m\u00e5l f\u00f6r respektive fokusomr\u00e5de i v\u00e5rt h\u00e5llbarhetsramverk. Alla m\u00e5l \u00e4r nedbrutna p\u00e5 \u00e5rsbasis med tillh\u00f6rande handlingsplaner. V\u00e5ra \u00f6vergripande m\u00e5l \u00e4r: Medarbetare V\u00e5ra medarbetare \u00e4r v\u00e5r viktigaste resurs och vi arbetar aktivt f\u00f6r att bibeh\u00e5lla v\u00e5r informella och entrepren\u00f6rsdrivna f\u00f6retagskultur som pr\u00e4glas av omtanke f\u00f6r varandra. F\u00f6r 2024 har vi satt ytterligare [&hellip;]<\/p>","protected":false},"author":32,"featured_media":2793,"parent":0,"menu_order":0,"comment_status":"closed","ping_status":"closed","template":"","meta":{"_acf_changed":false,"footnotes":""},"class_list":["post-2945","page","type-page","status-publish","has-post-thumbnail","hentry"],"acf":[],"_links":{"self":[{"href":"https:\/\/craftor.se\/en\/wp-json\/wp\/v2\/pages\/2945","targetHints":{"allow":["GET"]}}],"collection":[{"href":"https:\/\/craftor.se\/en\/wp-json\/wp\/v2\/pages"}],"about":[{"href":"https:\/\/craftor.se\/en\/wp-json\/wp\/v2\/types\/page"}],"author":[{"embeddable":true,"href":"https:\/\/craftor.se\/en\/wp-json\/wp\/v2\/users\/32"}],"replies":[{"embeddable":true,"href":"https:\/\/craftor.se\/en\/wp-json\/wp\/v2\/comments?post=2945"}],"version-history":[{"count":0,"href":"https:\/\/craftor.se\/en\/wp-json\/wp\/v2\/pages\/2945\/revisions"}],"wp:featuredmedia":[{"embeddable":true,"href":"https:\/\/craftor.se\/en\/wp-json\/wp\/v2\/media\/2793"}],"wp:attachment":[{"href":"https:\/\/craftor.se\/en\/wp-json\/wp\/v2\/media?parent=2945"}],"curies":[{"name":"wp","href":"https:\/\/api.w.org\/{rel}","templated":true}]}}

<p class="has-text-align-left">We have established long-term, overarching goals within each focus area outlined in our sustainability framework. These goals are further detailed on an annual basis with corresponding action plans.</p>



<p class="has-text-align-left"><br>Our overarching goals are:</p>



<h4 class="wp-block-heading has-text-align-left" id="medarbetare">Employees</h4>



<ul class="wp-block-list">
<li>Craftor strives to achieve the industry's best working environment with zero workplace accidents.</li>
</ul>



<p class="has-text-align-left">Våra medarbetare är vår viktigaste resurs och vi arbetar aktivt för att bibehålla vår informella och entreprenörsdrivna företagskultur som präglas av omtanke för varandra. För 2024 har vi satt ytterligare fokus på riskobservationer samt personalens välmående.</p>



<h4 class="wp-block-heading has-text-align-left" id="klimat-resurser"><br>Climate and Resources</h4>



<ul class="wp-block-list">
<li>Halve climate impact by 2030 and move towards net-zero emissions by 2045.</li>



<li>Achieve 100% circular material flows by 2045.</li>
</ul>



<p class="has-text-align-left">Craftor har kartlagt klimatpåverkan från vår egen verksamhet och hade som mål att minska den med 5% under 2023, bland annat genom ökad användning av bränslet HVO100 istället för diesel samt övergång till förnybar el. Vi minskade scope 1 och 2 med närmare 11% under 2023 jämfört med 2022. För 2024 har vi målsatt en fortsatt minskning. Vi kartlade även klimatpåverkan i vår värdekedja under 2023 för att framåt kunna fokusera på en minskning av företagets klimatpåverkan både uppströms och nedströms. Under 2024 kommer vi fokusera på att utbilda både internt och externt kring vilka hållbara alternativ som finns i våra projekt för att påbörja vår förändringsresa.</p>



<h4 class="wp-block-heading has-text-align-left" id="etik-ansvar"><br>Ethics and Responsibility in the Supply Chain</h4>



<ul class="wp-block-list">
<li>Craftor acts in accordance with our ethical guidelines and contributes to a value chain where operations are conducted under healthy working conditions and in an environmentally and socially sustainable manner.</li>
</ul>



<p class="has-text-align-left">Baserat på våra utförliga etiska principer och i dialog med våra leverantörer vill vi bidra till en bransch med sunda arbetsvillkor och lägre miljöpåverkan. .  För 2024 har vi ett ökat fokus på hållbarhet i våra revisioner i leverantörsledet.</p>



<h4 class="wp-block-heading has-text-align-left" id="samarbete-samhallsansvar"><br>Collaboration and Social Responsibility</h4>



<ul class="wp-block-list">
<li>In collaboration with our customers and suppliers, we contribute to a long-term sustainable power grid in Sweden.</li>
</ul>



<p class="has-text-align-left">Vi vet att vi inte har rådighet över alla delar i vår värdekedja men vi är övertygade om att det är genom att arbeta tillsammans som vi kan göra störst skillnad. Vi måste hjälpas åt att göra vårt bästa för att tillsammans skapa en så stor samhällsnytta som möjligt. För 2024 har vi bland annat satt som mål att vi ska, i minst ett samarbete per prioriterad kund, hitta nya arbetssätt och metoder för ökad positiv miljöpåverkan och/eller minskad klimatpåverkan.</p>

<p>Vi har långsiktiga, övergripande mål för respektive fokusområde i vårt hållbarhetsramverk. Alla mål är nedbrutna på årsbasis med tillhörande handlingsplaner. Våra övergripande mål är: Medarbetare Våra medarbetare är vår viktigaste resurs och vi arbetar aktivt för att bibehålla vår informella och entreprenörsdrivna företagskultur som präglas av omtanke för varandra. För 2024 har vi satt ytterligare [&hellip;]</p>
